tor of 1856 and 21504631?
29
Calculate the greatest common divisor of 23805 and 15585.
15
Calculate the highest common divisor of 105 and 2195175.
15
What is the greatest common divisor of 76362576 and 528?
48
Calculate the highest common factor of 1467 and 18084198.
489
What is the greatest common divisor of 41899732 and 42?
14
What is the highest common factor of 1022950 and 21730?
410
Calculate the greatest common factor of 648 and 171531.
27
Calculate the greatest common divisor of 91865235 and 3465.
1155
Calculate the highest common factor of 557732912 and 528.
176
What is the greatest common factor of 220 and 1117105?
55
Calculate the highest common divisor of 689894660 and 2990.
2990
What is the greatest common factor of 26400 and 743985?
165
What is the highest common factor of 1241286 and 123?
3
Calculate the greatest common divisor of 20 and 65029690.
10
What is the greatest common factor of 1188778 and 142416?
1978
Calculate the highest common divisor of 2158 and 32577334.
166
Calculate the greatest common factor of 15691 and 2156909.
1207
Calculate the greatest common factor of 6 and 12984288.
6
What is the greatest common factor of 6633 and 141339?
33
What is the greatest common divisor of 760937 and 7514?
289
Calculate the highest common divisor of 10875 and 2067000.
375
What is the greatest common factor of 1557076657 and 57?
19
What is the greatest common factor of 53647 and 50171?
11
Calculate the greatest common divisor of 1360469150 and 10.
10
Calculate the greatest common factor of 93169201 and 59.
59
Calculate the greatest common divisor of 1229612 and 584.
292
Calculate the greatest common divisor of 492 and 1867032.
12
What is the greatest common divisor of 220024877 and 207?
23
Calculate the highest common divisor of 61985 and 24265.
115
Calculate the highest common divisor of 388 and 3785813.
97
What is the highest common factor of 1011232 and 8864?
32
Calculate the greatest common divisor of 9 and 274577283.
9
Calculate the highest common factor of 35778486 and 492.
246
Calculate the greatest common factor of 16062912 and 49296.
3792
What is the highest common divisor of 556 and 697919?
139
Calculate the highest common factor of 11610 and 2474091.
1161
What is the highest common divisor of 19783004 and 12772?
412
What is the greatest common factor of 4200 and 512904?
168
What is the greatest common factor of 28203 and 3218460?
1659
What is the greatest common divisor of 9214625 and 875?
875
What is the highest common divisor of 1314 and 55990854?
1314
Calculate the greatest common factor of 13 and 528490560.
13
What is the greatest common factor of 3339285 and 670?
5
What is the highest common divisor of 880 and 5007794?
22
Calculate the highest common factor of 334307840 and 768.
256
What is the greatest common factor of 13948 and 22117724?
1268
What is the greatest common factor of 1351840 and 280160?
2720
Calculate the highest common factor of 5186063 and 575.
23
What is the highest common factor of 15715 and 2880430?
35
Calculate the highest common factor of 10 and 26815.
5
Calculate the highest common factor of 96 and 2629848.
24
Calculate the highest common divisor of 708 and 12983186.
118
What is the highest common factor of 144606099 and 1155?
33
What is the greatest common factor of 36380 and 7901308?
428
What is the highest common factor of 6362139 and 294?
21
What is the highest common factor of 4968 and 9273048?
552
What is the highest common divisor of 45 and 10409760?
45
Calculate the greatest common divisor of 5094824 and 656.
328
Calculate the highest common factor of 1100 and 8490988.
44
What is the greatest common factor of 7489416 and 3192?
24
What is the greatest common divisor of 50813877 and 138?
69
Calculate the greatest common factor of 217018 and 89110.
38
What is the greatest common divisor of 83166 and 1058250?
498
What is the highest common factor of 10462175 and 4100?
1025
What is the highest common factor of 720 and 3384880?
80
What is the greatest common factor of 24103632 and 460?
92
What is the highest common factor of 3291822 and 11266?
86
What is the highest common divisor of 457680 and 11460?
60
Calculate the greatest common divisor of 2103933 and 247689.
2847
What is the highest common divisor of 3719729 and 57772?
1313
What is the greatest common divisor of 33303 and 31661358?
1959
What is the highest common factor of 30425935 and 475?
95
What is the highest common divisor of 356369 and 9113?
13
Calculate the highest common divisor of 25 and 428829950.
25
What is the highest common divisor of 159 and 23867013?
159
What is the highest common factor of 6161556378 and 2267?
2267
Calculate the greatest common factor of 2499 and 76726797.
2499
What is the highest common factor of 66660 and 9315?
15
What is the greatest common factor of 28 and 1511041?
7
Calculate the greatest common divisor of 58817876 and 13.
13
What is the highest common divisor of 10 and 13742?
2
Calculate the highest common factor of 21 and 93579897.
3
What is the highest common factor of 32 and 395156624?
16
What is the greatest common factor of 18619 and 231082?
43
Calculate the highest common divisor of 10227 and 195783.
21
What is the highest common divisor of 8086 and 382841?
311
Calculate the highest common divisor of 2932130994 and 2847.
2847
What is the highest common factor of 149447965 and 778?
389
Calculate the highest common factor of 1977 and 4073279.
659
Calculate the greatest common factor of 10106 and 2422506.
326
What is the highest common divisor of 1026480 and 260?
260
What is the highest common divisor of 254277307 and 10498?
5249
What is the greatest common factor of 44 and 6259330?
22
What is the highest common factor of 144 and 20304168?
24
Calculate the highest common factor of 39 and 11771149.
13
What is the greatest common divisor of 1796285 and 25?
5
What is the greatest common factor of 2120074 and 352?
22
Calculate the highest common factor of 7089201 and 315.
63
Calculate the greatest common divisor of 9 and 216076071.
3
Calculate the greatest common divisor of 5875659 and 34.
17
What is the highest common factor of 12379 and 4043563213?
12379
What is the greatest common factor of 310688 and 7752304?
2128
What is the highest common divisor of 464 and 696702960?
464
Calculate the greatest common divisor of 47092 and 5241364.
244
Calculate the highest common divisor of 296100 and 3505600.
700
Calculate the greatest common divisor of 24457 and 1686211.
661
Calculate the highest common divisor of 116620 and 341360.
340
What is the greatest common divisor of 4581 and 293487?
3
What is the highest common divisor of 243804554 and 14?
14
Calculate the highest common divisor of 475496290 and 5270.
5270
What is the highest common factor of 147509 and 235909?
17
What is the highest common divisor of 232 and 21135838?
58
Calculate the highest common factor of 9815 and 8842560.
755
What is the highest common divisor of 174 and 748484403?
87
What is the highest common factor of 246 and 368922?
6
What is the highest common factor of 400981914 and 648?
162
Calculate the highest common divisor of 93368185 and 146395.
6365
What is the greatest common divisor of 360822944 and 24?
8
Calculate the highest common factor of 7697824 and 4.
4
What is the greatest common factor of 1914 and 236808?
66
What is the greatest common factor of 3486544 and 208?
16
Calculate the greatest common factor of 31935147 and 981.
327
What is the highest common divisor of 70 and 96229945?
35
What is the greatest common factor of 6082096 and 32?
16
Calculate the highest common divisor of 12114540 and 51.
51
Calculate the greatest common divisor of 1186626 and 30142.
14
Calculate the highest common divisor of 73520 and 9980.
20
Calculate the highest common factor of 15158 and 19912178.
286
What is the greatest common divisor of 636 and 82733636?
212
Calculate the highest common factor of 360 and 242040.
120
Calculate the highest common divisor of 966390 and 3210.
30
Calculate the greatest common factor of 48 and 53306416.
16
What is the highest common factor of 1386 and 36309636?
198
What is the greatest common factor of 42190693 and 259?
37
Calculate the highest common divisor of 29541519 and 63.
63
What is the greatest com